6
Let l(n) = 5*n**2 + 3*n - 9. What is the remainder when l(-4) is divided by 15?
14
Let w(t) = 7*t - 10. Calculate the remainder when w(11) is divided by 17.
16
Let c(q) = -q**2 + 4*q. Let a be 4/2 + (4 - 3). Let u be c(a). Let s = u + 1. Calculate the remainder when 5 is divided by s.
1
Suppose 0*b + 5*v = 4*b - 93, -2*b + 39 = -v. Calculate the remainder when 50 is divided by b.
16
Suppose -r - 23 = -5*d, 2*d = -3*r + 5*d - 21. Let u be 3 + (-6)/2 + 3. Let h = u - r. Calculate the remainder when 10 is divided by h.
4
Suppose 5*o - 4*g - 40 = 0, 3*o + 3*g - 8 = 2*o. What is the remainder when 31 is divided by o?
7
Suppose 2*i - 24 = 4*k + 2, 0 = 4*i - 3*k - 32. Calculate the remainder when 15 is divided by i.
0
Let s(f) = -f**2 - 2*f + 6. Let a be s(-6). Let l(v) = -v - 2. What is the remainder when (a/2)/((-1)/2) is divided by l(-7)?
3
Let a = 38 - -8. Let c = 107 + -35. Suppose -q - c = -4*q. What is the remainder when a is divided by q?
22
Suppose 206 = 4*s + 14. Let b(g) = -g**3 - 8*g**2 - g + 9. Calculate the remainder when s is divided by b(-8).
14
Suppose -4*k = 25 - 57. What is the remainder when k is divided by 5?
3
Let c(r) = -r - 4. Let z be c(-3). Let s = z + 11. Calculate the remainder when s is divided by 3.
1
Suppose 5*j = -8*g + 3*g + 50, 3*j = -5*g + 46. What is the remainder when 15 is divided by g?
7
Let u = 15 + -30. Suppose -100*n + 106*n - 78 = 0. What is the remainder when (-2)/3*u*5 is divided by n?
11
Suppose -21*v + 8*v + 2314 = 0. What is the remainder when v is divided by 45?
43
Suppose 0 = 5*s - s - 88. Calculate the remainder when (-518)/(-6) - 42/(-63) is divided by s.
21
Calculate the remainder when 27 is divided by (-2)/4 - 580/(-40).
13
Calculate the remainder when (-2 - -69 - -3)/((-3)/(-3)) is divided by 24.
22
Suppose 3*h = -4*f + 36 - 3, -2*f = -4*h. Let m = -2 + 6. What is the remainder when f is divided by m?
2
Let d = -50 + 76. What is the remainder when d is divided by 9?
8
Suppose 11*p = 7*p + 116. Calculate the remainder when p is divided by 10.
9
Let z = 17 + 33. Suppose -2*w + 2*u = 3*u - 28, -17 = -w - 2*u. What is the remainder when z is divided by w?
11
Suppose -4*x + 2*y - 8 = -0*y, 0 = -x - 5*y + 20. Let z(j) = -j + 6 + x*j - 11. Calculate the remainder when 3 is divided by z(-8).
0
Let t = -6 + 7. Calculate the remainder when t/(-3) + 37/3 is divided by 7.
5
Suppose -4*d + 43 = -5. Calculate the remainder when 14/4*132/77 is divided by -10*(d/(-5) + 2).
2
Let o(u) = 2*u**3 - u**2 + 3*u - 2. Let k be o(1). Suppose -k*q + 36 = 2*y, 0 = 2*q + 2*y + 2*y - 36. What is the remainder when 71 is divided by q?
17
Let c(f) = -f**2 - 4*f - 1. Let d be c(-2). Suppose 12 = -d*o + 6*o. Suppose 5*t - 2*s = s + 16, 0 = o*s + 8. What is the remainder when 2 is divided by t?
0
Let l be (-7 - -6)/(2/6). Calculate the remainder when -3*(l - 34/3) is divided by -66*(-2)/(-6)*-1.
21
Let y = 2 - 0. Let p = y + 44. Let i = 24 + -8. Calculate the remainder when p is divided by i.
14
Suppose 5*g = -w + g - 13, -w - 18 = 5*g. Suppose -5*p + 3*q + 7 = -8, 4*q = -4*p + 12. Calculate the remainder when w is divided by p.
1
Suppose -12*r + 114 = -9*r. Calculate the remainder when 75 is divided by r.
37
Let z(b) = 10*b - 4. Calculate the remainder when z(1) is divided by 1.
0
Let m(z) = 14*z - 3. Let h = -6 - -9. What is the remainder when m(h) is divided by 20?
19
Let h(l) be the third derivative of l**4/4 - 13*l**3/6 + 4*l**2. What is the remainder when h(9) is divided by 14?
13
Suppose 3 = 3*j + 3*u, 4*j - 22 = -u + 3*u. Suppose -2 = -j*d + 14. Suppose d*g + 4*x = 120, 6*g - 5*x = g + 180. What is the remainder when g is divided by 12?
9
Suppose v + 261 = 4*i, -4*v - 26 + 6 = 0. What is the remainder when i is divided by 11?
9
Suppose 10 = 5*c - 3*h - 0*h, 0 = -3*c - 4*h + 6. What is the remainder when 7 is divided by c?
1
Let i = -6 - -10. Suppose 2*b - 2*q = -6*q + i, -q + 6 = 3*b. Calculate the remainder when 6 is divided by b.
0
Suppose -2*n = n - 15. Suppose n*d - 5*y - 17 = 8, -y = 4*d - 35. Calculate the remainder when 13 is divided by d.
5
Let z(p) = -p**3 - p**2 - p + 32. Let d be z(0). Let c be (0 - 2)*d/(-4). Suppose 3 = -v + c. What is the remainder when 25 is divided by v?
12
Let u = 36 + -17. Calculate the remainder when 73 is divided by u.
16
Suppose -3*f + 248 = f. Calculate the remainder when f is divided by 16.
14
Suppose -3*u - 4*d = 74, -2*u = d - 0*d + 56. Let f = -14 - u. Calculate the remainder when 31 is divided by f.
15
Let x(a) = -13*a. What is the remainder when 21 is divided by x(-1)?
8
Suppose 5*x = -4*p + 91, -9 - 5 = -x - 5*p. Calculate the remainder when x is divided by 14.
5
Let w = 60 + -34. Calculate the remainder when 49 is divided by w.
23
Suppose 2*h = -0*h. Suppose h = d - 6*d + 40. What is the remainder when 23 is divided by d?
7
Suppose x - 1 = 0, 2*p - x + 4 = 5. Calculate the remainder when 6/6 + 18/p is divided by 2/8 - (-43)/4.
8
Suppose 0 = 11*k - 3*k - 1136. Calculate the remainder when k is divided by 29.
26
Let j = -32 + 45. What is the remainder when 8/2*j/2 is divided by (-4)/16 + (-37)/(-4)?
8
Let l = -13 + 26. What is the remainder when (244/28 + -1)/((-3)/(-14)) is divided by l?
10
Suppose -2*z - 52 = -56. Calculate the remainder when 13/4 + 1/(-4) is divided by z.
1
Calculate the remainder when 167 is divided by ((-164)/(-6) - 0) + (-74)/(-111).
27
Let g(s) = s**2 + 2*s + 6. Let m be g(-6). What is the remainder when (-300)/(-9) - (-4)/6 is divided by (m/25)/(1/10)?
10
Suppose -w + 3*r + 126 = 0, -2*w = -5*r + 6*r - 259. What is the remainder when w is divided by 26?
25
Let m(w) = -w**2 - 7*w - 4. Let o = 4 - 1. Let a be 0*1/2 - o. What is the remainder when 22 is divided by m(a)?
6
Let s = 55 + 33. Suppose s = 2*k - 4*y, 2*y - 77 - 35 = -2*k. Suppose -2*b + 28 - 6 = d, 5*b + 80 = 5*d. Calculate the remainder when k is divided by d.
16
Let a be (2 + 1)/6*0. Suppose -5*k + 19 - 639 = a. What is the remainder when ((-1)/2)/(2/k) is divided by 16?
15
What is the remainder when 80 is divided by 28/6*(-1 + 7)?
24
Let t = 19 - -1. Calculate the remainder when 79 is divided by t.
19
Let j(m) = -2*m**3 - 8*m**2 - 3*m - 7. Let z be j(-6). Suppose s + z = 6*s. What is the remainder when s is divided by 11?
9
Let n = 5 - 5. Suppose n = 4*b + b - 35. Suppose 60 = 2*f + f. What is the remainder when f is divided by b?
6
Suppose -4*j + 260 = -4*y, -2*j + 5*j = 2*y + 199. Calculate the remainder when j is divided by 19.
12
What is the remainder when 41 - ((-16)/(-4) + 0) is divided by 8?
5
Let m be 32*1/(1/4). Suppose -m = -3*o - 29. Let u = 42 - 33. What is the remainder when o is divided by u?
6
Let i(l) = 5*l - 3. Calculate the remainder when 34 is divided by i(3).
10
Suppose 0 = 5*t - 2*r - 820, -2*t = 5*r - 79 - 220. Calculate the remainder when t is divided by 41.
39
Let d = 48 + -36. What is the remainder when 95 is divided by d?
11
Calculate the remainder when 113 + (2 - 1) - -2 is divided by 13.
12
Let n(m) = m**2 + 2*m + 1. Let t be n(-3). Suppose f + 2*f - 167 = 5*r, 5*r + t*f = -139. Let g = -21 - r. What is the remainder when g is divided by 6?
4
Suppose 930 = 3*n + 2*n. Suppose -y = -4*y + n. What is the remainder when y is divided by 21?
20
Let i(t) be the second derivative of t**3/6 - 3*t**2/2 + 3*t. Let w be i(7). Calculate the remainder when (-1)/(2/w*-1) is divided by 1.
0
Suppose -2*f = 3*f + 2*g - 646, 2*f - 256 = -2*g. Calculate the remainder when f is divided by 19.
16
Suppose -x + 5*w = 11, 4*x - 2*w - 40 = -3*w. Let r = 16 - x. Suppose 12*h - 140 = 5*h. What is the remainder when h is divided by r?
6
Let q = 3 + -38. Let x be (q/3)/(3/9). Let h = x + 58. What is the remainder when 67 is divided by h?
21
Let n(t) = 10*t + 6. Let w be n(-6). Let v = w - -77. What is the remainder when (3 - -2)*9/1 is divided by v?
22
Let u = 207 - 146. What is the remainder when u is divided by 16?
13
Suppose -3*q + 5*w + 15 = q, 3*w = q + 5. What is the remainder when q is divided by 4?
2
Let l = 175 + -2. What is the remainder when l is divided by 16?
13
Let c(q) = 44*q**3 + 2*q**2 - 1. What is the remainder when c(1) is divided by -46*(-2 - 6/(-4))?
22
Suppose 4*n + 5*z = 73, -5*z = -n - n + 29. What is the remainder when n is divided by (-6)/5*(-45)/6?
8
Let g(n) =